ns digit of u?
3
What is the hundreds digit of 2*(0 + -2) + 9 + 223?
2
Let i = -25 - -21. Let c be (8/(-3))/(i/18). What is the units digit of (-9)/c + 566/8?
0
Let y be 3/2 + 21/14. Suppose 3 = -2*x - 5*r - y, -2*r - 10 = -3*x. Suppose x*c = -2*c + 140. What is the units digit of c?
5
Suppose p + 8 = -2. Suppose -b - 14 = 2*j, 6*b - b + 4*j = -64. What is the units digit of (b/p)/(18/660)?
4
What is the hundreds digit of -59*(-3 - -3 - 5)?
2
What is the units digit of (-7570)/(-14) + (-11)/(770/(-20))?
1
Let l = -17 + 17. Suppose 4*n - 9*w = -4*w + 185, n - 2*w - 47 = l. What is the tens digit of n?
4
Let i be 138/(-9)*6/(-4). Suppose i = 2*z + 3*z - 4*r, 2*r + 15 = 3*z. What is the tens digit of 19/(-133) - (-365)/z?
5
Let w = 179 - 105. Suppose 4*k + 3*l - w = 0, 102 = 5*k + 3*l - 4*l. What is the units digit of k?
0
What is the units digit of (12/((-16)/4))/(12/(-8456))?
4
Suppose -m = 2*m - 12. Suppose -5*y = 4*z - 3*y - 6, 3*z - m*y - 10 = 0. What is the units digit of 15/z - (-1)/2?
8
Let r be (-2)/(-5) + (-5742)/(-45). Let g be r/10*(-5 - 0). Let n = g + 102. What is the units digit of n?
8
Let q(z) be the second derivative of z**5/20 + z**4/12 + 2*z**3/3 - 7*z**2/2 + 17*z. What is the tens digit of q(4)?
8
Let i = -13 - -20. Let v(n) = -3 - 16*n**2 + n**3 - 20*n**2 - 14*n**2 + 43*n**2 + 4*n. What is the units digit of v(i)?
5
Let n(l) be the second derivative of l**4/12 + l**3/3 + 3*l**2/2 + 10*l. Let h be n(-2). What is the units digit of 3*164/36*h?
1
Let o be (-2 - 4) + 55 + 4. Let i be ((-8)/(-14))/((-2)/(-7)). Suppose -i*r = -41 - o. What is the units digit of r?
7
Suppose -129*j = -131*j + 3010. What is the thousands digit of j?
1
Let k be 4 - 1*8/2. Suppose 4*q - 2*q - 4 = k. Suppose 3*y = -j + 116, -y + 2*y = q*j + 41. What is the units digit of y?
9
Suppose -2*g = 5*g + 917. Let w = g + 189. What is the tens digit of w?
5
Suppose 0*n - j + 247 = 4*n, -2*j = 4*n - 242. Let h = n - 14. What is the tens digit of h?
4
What is the hundreds digit of ((-126)/(-30) - 5)/(4/(-1090))?
2
Let r(d) = -13*d + 2. Let s be r(-8). Let z = -53 + s. What is the tens digit of z?
5
Suppose -8 = -3*x - 2. Suppose z - x*r - 15 = -0*r, 12 = z + r. Let p = 28 - z. What is the units digit of p?
5
What is the hundreds digit of (-2)/23 + 2 + 424782/207?
0
Suppose -11*d - 4*v = -9*d - 6238, -3*v - 12531 = -4*d. What is the units digit of d?
9
Let j be (-485)/(-45) - (-2)/9. Suppose -j = -7*u + 52. What is the units digit of u?
9
Suppose 4*m + 184 = 6*m. Let v = m + -32. What is the units digit of v?
0
Suppose 3*l = 2*l. Suppose -a + l*a = -27. Let x = a + 23. What is the tens digit of x?
5
Let i(l) = 3*l**2 - 112*l + 7. What is the thousands digit of i(60)?
4
Suppose 3*o + 36 + 10 = -r, -3*r = 3. What is the tens digit of o/(4/((-40)/15))?
1
Let f be (-6)/4 + 36/8 - -36. Let a = 82 + f. What is the tens digit of a?
2
Let v(p) = 4*p**3 - p**2 + 1750. What is the hundreds digit of v(0)?
7
Suppose 4*o + 36 + 16 = 0. What is the units digit of (-39)/o + (3 - 1)?
5
Suppose -4*l + 4127 = 911. What is the units digit of l?
4
Suppose f = 0, -5*r + f - 4*f = -15. Suppose r*a - 101 = 2*z + 137, 0 = -3*a - 5*z + 203. What is the units digit of a?
6
Suppose 4*h + 64 = 20*h. What is the tens digit of (-1170)/36*h/((-2)/1)?
6
Suppose 2*s - 3*i - 88 = 0, 4*s - 118 - 58 = -4*i. Let w = 83 - s. Suppose u - w = -0*u. What is the units digit of u?
9
Let h = -1456 - -2369. What is the units digit of h?
3
Let p = 515 + -224. What is the hundreds digit of p?
2
Suppose 65 + 17 = -2*f. Let q = f - -45. What is the units digit of q?
4
Let d be 28/3 + (-3)/9. Let c be -2 - (-5 + d/3). Suppose 2*w + 3*g - 13 = c, -3*g + 6 = -3*w + g. What is the units digit of w?
2
Let i be 2/8 + 62/8. Let k = 12 - 11. Let u = i + k. What is the units digit of u?
9
What is the hundreds digit of (-2 - 1633)*-7*1/21?
5
Let a(y) = -y**2 - 14*y - 33. Let s be a(-15). What is the tens digit of (-3)/(98/s + 12 + -10)?
7
Let x = 3533 - 2284. What is the tens digit of x?
4
Suppose 6*y - 34 = 4*y. Suppose 16*b - y*b + 52 = 0. What is the units digit of b?
2
Let s be (-92)/22 - 2/(-11). What is the units digit of (42*5/(-20))/(1/s)?
2
Let j = 22 + 21. Suppose 2*a = 3*a - j. Let i = a + -5. What is the units digit of i?
8
What is the units digit of (19/2 - 9)/(1/4660)?
0
Let r(o) = -60*o + 8. Let u(a) = -a**3 - 19*a**2 + 21*a + 16. Let h be u(-20). What is the units digit of r(h)?
8
Suppose s - 33 = -2*s. Let w(u) = 1. Let j(n) = n**2 - 10*n + 2. Let g(t) = j(t) - 5*w(t). What is the units digit of g(s)?
8
Let t be 3*151/6*4. Let k be t/3 + 28/(-42). Let i = k + -51. What is the units digit of i?
9
Suppose -b = -1 - 8. Suppose c + 512 = b*c. What is the tens digit of c?
6
Suppose 8*o - 4*o = 4*d - 208, 3*d - 5*o - 154 = 0. Suppose -142*u = -148*u + 174. Let m = d - u. What is the tens digit of m?
2
Let m = 143 - 34. What is the tens digit of m?
0
Let x(q) = -13*q - 5. Let w be x(-7). Suppose -b - k + w = 0, 4*b + 22 - 336 = 2*k. What is the tens digit of b?
8
Suppose -48*g + 296340 = 62*g. What is the thousands digit of g?
2
Suppose -m = 4*m - 70. Suppose 4 = -f + 2*r + m, -2*f = 5*r - 2. What is the units digit of f?
6
Let l(k) be the second derivative of k**4/12 + k**3/3 + 80*k**2 - 2*k. What is the hundreds digit of l(0)?
1
Suppose 5*z = -6 + 16. Suppose 3*u = z*u + 71. What is the tens digit of u?
7
Let q = 303 - -298. What is the tens digit of q?
0
Suppose g + 0*g = 4*a + 126, -5*a - 25 = 0. Suppose 108*z - g*z = 176. What is the units digit of z?
8
Suppose -4*k + 18 = -0*k - 2*a, -a - 1 = 2*k. Let w be (7/1)/(k/2). What is the tens digit of w - -7 - -3*1?
1
Suppose 2794 = -98*k + 330212. What is the units digit of k?
1
What is the units digit of (-12)/(-27) + (-4001)/(-9)?
5
Let a(z) be the second derivative of -z**4/12 - 11*z**3/6 + 8*z**2 - 2*z. What is the units digit of a(-11)?
6
Suppose -i - 5*x = -57, 2*i - i - 42 = -2*x. Suppose i*u + 125 = 33*u. What is the units digit of u?
5
What is the hundreds digit of (-22)/143 - (-6086)/13?
4
Let x(v) = 5*v**2 + 3*v + 7. Suppose -2*b + 9 = -5*b. What is the units digit of x(b)?
3
Suppose -11*r = 223 - 1268. Let f(w) = w + 1. Let s be f(4). Suppose s*o - 125 = r. What is the units digit of o?
4
Let y = 194 + -363. Let i = -111 - y. What is the units digit of i?
8
Let x(j) = -4*j + 137. What is the units digit of x(15)?
7
Let j = 3421 - 276. What is the thousands digit of j?
3
Let i(g) = 3*g**2 + 20*g + 7. Suppose j - 16 = 2*z, 3*z + 49 + 8 = 3*j. Suppose j*x + 45 = 17*x. What is the tens digit of i(x)?
7
Let a = 1389 + -1194. What is the units digit of a?
5
Suppose -p - 30 + 46 = 0. What is the tens digit of p?
1
Let t = -4 - -29. Suppose -c = -t - 30. What is the units digit of c?
5
Let h(s) = -s**3 - 9*s**2 + 10*s + 23. Let z be h(-10). Let m = z - 18. Suppose -4*y + 242 + 23 = m*c, -5*c - 35 = -y. What is the units digit of y?
0
Let b = 105 + -69. Suppose b*z + 97 = 37*z. What is the units digit of z?
7
Let q = -7 - -12. Suppose -11 = -q*b + 4. Suppose -b*r - 3*w + 69 = -0*r, -2*w - 26 = -2*r. What is the tens digit of r?
1
Let b = -34 - -40. Suppose -b*r - 98 = -422. What is the tens digit of r?
5
Let v(f) = 187*f + 219. What is the units digit of v(16)?
1
Suppose 4*n + 14 = 6*n + 3*s, -2*n - s = -14. Suppose n*t - 72 = 257. What is the tens digit of t?
4
Let f(j) = 393*j**2 + 17*j - 42. What is the thousands digit of f(3)?
3
Let u(r) = -r**2 - 8*r + 2. Let h be u(-8). Suppose 2*q - 29 = q + 5*g, -6 = q + h*g. What is the units digit of q?
4
Let g be 13 + (-4 - -8) + -7. What is the units digit of g*-3*33/(-18)?
5
What is the units digit of 400/150*1227/2?
6
Suppose 5*q + 5*z - 10025 = 0, -2*z + 7234 = 5*q - 2788. What is the hundreds digit of q?
0
Let w(i) = i**2 - 27*i - 328. What is the thousands digit of w(68)?
2
Suppose 2*y + 2*y - 36 = 0. Suppose 5*q - 1515 = -5*x, 0*x - 4*q + 608 = 2*x. What is the units digit of 2/y - x/(-18)?
7
Suppose -5*n = 101 - 271. Let v = n + -8. What is the tens digit of v?
2
Suppose -p + 5*p - 2 = -3*n, 0 = -3*n + p + 7. Suppose 3 = -y, 0*y = 2*m - n*y + 18. Let t = m + 13. What is the units digit of t?
1
Let t(u) = 5*u**2 - u - 1. Let r be t(-1). Suppose 5*v = 10*v - 610. Suppose r*l = 3*w + v, 12 = 2*w - 5*w. Wh